. Let u be 134 + -2 + 0 + 0. Suppose -p - p = 2*b - j, 3*p - 3*b = u. What is the highest common divisor of p and 4?
4
Let d = -8 + 38. Suppose -d = -4*t + 194. What is the greatest common factor of 8 and t?
8
Suppose -15 = 18*b - 19*b. Calculate the highest common divisor of b and 15.
15
Let v(i) = i**3 + 8*i**2 - 11*i - 12. Let t be v(-9). Let h be (t/15)/(2/400). Suppose 3*x - 6*x = -24. Calculate the greatest common divisor of x and h.
8
Let m be ((-2)/5)/((-1)/5). Let f be 1/(15/(-12))*-5. Let t be m/f*-2*-32. What is the highest common divisor of t and 4?
4
Suppose 3*j = 2*j - 14. Let z = j - -69. What is the highest common factor of 22 and z?
11
Let r = 17 - 9. Let m(f) = -f**3 + 7*f**2 + 7*f - 8. Let j be m(7). Let b = j + -29. Calculate the greatest common factor of b and r.
4
Suppose -10*g = -11*g + 192. What is the highest common factor of 12 and g?
12
Let q be -15*(-4)/12*(0 + 1). Suppose -3*o - 76 = -2*o - 3*s, -144 = 2*o + 2*s. Let j be 4/6 - o/3. Calculate the greatest common divisor of j and q.
5
Let i = -49 - -42. Suppose 0*s = 3*s - 45. Let g = s + i. What is the highest common factor of g and 8?
8
Let g(v) = 2*v**3 + 8*v**2 - v - 5. Let y(k) = 2*k**3 + 9*k**2 - 5. Let n(u) = -5*g(u) + 4*y(u). Let z be n(-4). What is the highest common factor of 7 and z?
7
Let n be 2/7 + (-161)/49. Let j be n/3 - (0 + -3). What is the greatest common divisor of j and 8?
2
Suppose 4*w = 3*g + w - 21, w + 34 = 4*g. What is the greatest common factor of g and 3?
3
Let v(a) = 14*a + 1. Let u be v(1). Suppose 3*b + u = 66. Suppose 6*q - 612 = 2*q. What is the highest common divisor of b and q?
17
Suppose -5*g + 35 - 12 = t, 3*t = 2*g + 154. Calculate the highest common divisor of t and 32.
16
Suppose -5*b - 22 = -0*f - 2*f, 26 = 4*f - b. Let l = 3 + 45. What is the highest common divisor of f and l?
6
Let p(t) = -t**3 + 6*t**2 - 5*t - 4. Let c be p(5). Let j be c/(-20)*3*25. What is the highest common divisor of 3 and j?
3
Let l = 9 + 2. Suppose 8 + 0 = 4*v. Suppose 0*x = -v*x + 198. What is the greatest common divisor of l and x?
11
Suppose 0 = -3*v + 3*s + 54, 4*v - 4*s + 32 = 8*v. What is the highest common divisor of v and 13?
13
Suppose -3*t - 4*i + 106 = 0, -t + i = -3*i - 62. Suppose 129 + 60 = 3*f. What is the highest common factor of t and f?
21
Let k(o) = o + 53. Let u be k(-23). Calculate the highest common factor of 75 and u.
15
Suppose -4*p - 2 = -26. Let t = p + -6. Let d be (t - 3) + -1 + 20. What is the highest common factor of 48 and d?
16
Let z = 2 + 0. Suppose z*w + 80 = 6*w. Calculate the highest common factor of w and 4.
4
Let i = 86 + -44. Calculate the highest common factor of i and 14.
14
Suppose -4*i + 4 = 3*l + 8, 28 = 5*l - 2*i. Calculate the highest common divisor of 36 and l.
4
Suppose 5*y - 76 - 24 = 0. Suppose h = -h + y. Calculate the highest common factor of h and 15.
5
Let m = 28 - 13. What is the greatest common divisor of m and 30?
15
Suppose -7*x + 4*x = -3. Let w(g) = 6*g + 3. Let j be w(4). Let q = j + x. Calculate the greatest common divisor of 4 and q.
4
Let u(w) = -w**3 - 6*w**2 - w - 4. Suppose -a = a + 12. Let y be u(a). Let j be (-2)/(-10) + 89/5. Calculate the highest common divisor of y and j.
2
Let v(f) = -f**3 + 4*f**2 + 11*f + 16. Let z be v(6). What is the highest common divisor of 15 and z?
5
Suppose b + 5 = 2*b. Let m(y) = -y**2 - 5*y + 6. Let a be m(-6). Suppose a = -5*h + 40 - 15. What is the highest common divisor of h and b?
5
Let b(q) = -q**3 - q**2 + 2*q + 2. Let z be b(-2). Suppose -55 = -4*t - j, 4*j - z*j + 85 = 5*t. Calculate the greatest common factor of 3 and t.
3
Let m(k) be the second derivative of -k**3/6 + 2*k**2 + k. Let l be m(-8). What is the greatest common factor of 84 and l?
12
Suppose 4*m - m = 0. Suppose m = 3*g - 83 - 241. Calculate the greatest common divisor of g and 12.
12
Let o be 6*(50/3 - 2). Let z(s) = 0*s**2 + 0*s**2 + o + s**3 - s**2. Let d be z(0). Calculate the highest common divisor of d and 11.
11
Let r = 711 + -451. Suppose 2*u - 130 = -2*i, u = -4*i - 2*u + r. Calculate the highest common factor of 26 and i.
13
Suppose 20 = 3*c - 1. Calculate the highest common divisor of 1 and c.
1
Let w be 9/3 + (27 - 6). Suppose 104 + 51 = -2*z - 5*h, 4*h + 20 = 0. Let p = z + 137. Calculate the greatest common divisor of p and w.
24
Let n = 1 + 9. Calculate the highest common factor of n and 60.
10
Suppose -4*m - 24 = 2*l - 6*l, -m = -4*l + 18. Suppose l*p - 72 = p. What is the greatest common factor of p and 264?
24
Suppose -5*s - 8 = -4*t, 4*t - 3 - 5 = -s. Suppose -3*u = -3*d - 7 - t, 3*d = -3*u + 3. What is the greatest common divisor of u and 22?
2
Suppose -i - 21 = 4*l, 4*i = l - 0*l - 16. Let z be 22/l*-4 - -3. What is the greatest common factor of z and 200?
25
Let x(c) = 118*c**3 - 2*c**2 + 1. Suppose 3 = 4*d - d. Let i be x(d). Calculate the highest common divisor of 13 and i.
13
Let o be ((-6)/6)/((-1)/(-2)). Let x(c) = -2*c**3 - 2*c**2 - 2*c. Let i be x(o). What is the highest common divisor of 60 and i?
12
Suppose 4*u - 264 = 4*x, 3*u = -x + 108 + 106. Suppose 5*m = 25, -5*q - u + 190 = -5*m. Let j = q + -17. Calculate the highest common divisor of 18 and j.
6
Let s be 0*(1 - (-1)/(-2)). Let a be 3 + s*3/9. Suppose -a*y = -2*n + 34, y - 20 = -2*n - 3*y. What is the highest common factor of 35 and n?
7
Let t(g) = g - 2. Let n be t(5). Calculate the highest common divisor of n and 27.
3
Suppose 2*b + 13 = 15. Calculate the greatest common divisor of 9 and b.
1
Let j(y) = 4*y**2 + y + 4. Let k be j(5). Suppose -5*o + k + 29 = 2*g, -4*o + 96 = -2*g. What is the highest common divisor of o and 65?
13
Let o(n) = -n**3 + 3*n**2 + 5*n - 1. Let f be o(4). Suppose 3*s = 2*d - 17, f*s - 23 - 12 = -2*d. Calculate the highest common divisor of d and 52.
13
Suppose 4 = -4*l - 4. Let p be (1/l)/(4/(-48)). Calculate the greatest common factor of p and 12.
6
Let q be (15/(-10))/(9/(-336)). Suppose 3*v + j - 23 = 17, 5*j + 38 = 2*v. Calculate the greatest common factor of q and v.
14
Suppose 22 = 4*k - 3*k. Suppose -k - 58 = -5*o. Calculate the highest common divisor of o and 80.
16
Suppose 43 + 92 = 5*w. What is the greatest common divisor of w and 108?
27
Let j(z) = z**3 + 7*z**2 - 16*z - 16. Let p be j(-8). What is the greatest common factor of 24 and p?
24
Suppose -2*g + 3*g - 6 = 0. Calculate the highest common divisor of g and 18.
6
Let j(a) = 3*a. Let b be j(1). Suppose 5*r - 25 = 0, 5*z = -b*r - 42 - 8. Let d = 5 - z. Calculate the highest common divisor of 27 and d.
9
Let j be (-4315)/(-25) - (-2)/5. Let z = j + -69. What is the greatest common divisor of 13 and z?
13
Let p be (-3 - -5)*1*22. Let a(r) = r**3 + r**2 - 5*r - 3. Let b be a(-3). Let q be -3 - -1 - 0 - b. What is the highest common factor of p and q?
4
Let t = 30 - -6. Let x = 0 - -6. Suppose -f - 60 = -x*f. Calculate the greatest common factor of f and t.
12
Let j(m) = m**3 + 3*m**2 - 2*m - 2. Let s be j(-5). Let v = 77 + s. Calculate the greatest common divisor of 14 and v.
7
Suppose -5*j + 4*d + 402 - 110 = 0, -j - d = -62. Calculate the greatest common divisor of 15 and j.
15
Let r(z) = 13*z - 3. Let y be r(3). Suppose 5*o + 29 = -y. Let h = o + 19. What is the highest common factor of 15 and h?
3
Let h(q) = q**3 - 16*q**2 - 39*q + 60. Let c be h(18). Let m be 2/2*(-90)/(-3). What is the greatest common divisor of m and c?
6
Let x(s) = -3*s + 20. Let a(f) = -f + 10. Let i(m) = 5*a(m) - 2*x(m). Let h be i(-6). Calculate the highest common factor of h and 1.
1
Suppose -i - 4*m - 12 = 0, 3*m + 12 = 3. Suppose -7*f + 5*f + 36 = i. Calculate the highest common factor of 45 and f.
9
Let q(c) = c + 4. Let z be q(-3). What is the highest common factor of z and 1?
1
Let y = -5 - -1. Let u be y/((4/(-23))/(-2)). Let m = 2 - u. Calculate the highest common divisor of m and 12.
12
Let s = 13 + -42. Let g = s - -51. Suppose 0*h + g = h. What is the greatest common divisor of 2 and h?
2
Let k(g) = -g**3 - 6*g**2 - 4*g + 6. Let h be k(-4). Let c(s) = 4*s**2 - 3*s + 2. Let q be c(3). Let j = h + q. What is the highest common divisor of j and 19?
19
Let b = 153 - -45. What is the highest common divisor of b and 22?
22
Let j(r) = r + 8. Let v be j(2). Calculate the greatest common factor of v and 25.
5
Let m be 